q(-6).
4
Let q(l) = l + 8. Calculate q(-17).
-9
Let c(u) = -18*u + 170. Determine c(9).
8
Let z(l) = -l**2 + 7*l - 1. What is z(9)?
-19
Let b(h) = -h**2 + 5*h - 31. Give b(7).
-45
Let d(z) = 10*z - 74. What is d(11)?
36
Let j(r) = r**2 + 9*r - 104. Determine j(7).
8
Let x(i) = -4*i - 3. What is x(0)?
-3
Let c(k) = -k**3 + 14*k**2 - 23*k - 11. Determine c(12).
1
Let n(x) = 2*x**3 + 2*x**2 + 2*x + 3. Give n(-2).
-9
Let c(m) = -12*m**3 - m + 2. What is c(1)?
-11
Let p(s) = 38*s - 38. Determine p(0).
-38
Let u(y) = y**3 - 7*y**2 + 6*y - 1. Determine u(6).
-1
Let l(f) = -f**2 + 8*f + 76. Give l(14).
-8
Let y(w) = w**3 - 14*w**2 + 13*w + 19. Calculate y(13).
19
Let y(j) = j - 17. Determine y(-15).
-32
Let k(z) = -z - 20. Calculate k(-14).
-6
Let b(s) = -s**3 + 7*s**2 + 6*s - 12. What is b(7)?
30
Let k(i) = 2*i**2 - 2*i. Calculate k(2).
4
Let g(j) = j + 3. What is g(6)?
9
Let q(z) = -2*z**2 - 7*z - 6. Determine q(-4).
-10
Let p(q) = q**2 - 16*q + 24. Give p(11).
-31
Let n(b) = 3*b**2 + 7*b - 2. Calculate n(4).
74
Let o(l) = l**3 + 15*l**2 + 54*l - 7. Determine o(-9).
-7
Let b(c) = -2*c**2 + c + 2. What is b(3)?
-13
Let h(s) = 4*s + 94. Determine h(-22).
6
Let w(t) = -t**3 + 6*t**2 - 5*t - 6. What is w(5)?
-6
Let b(x) = x**2 + 6*x + 6. Calculate b(-3).
-3
Let z(v) = -18*v - 10. What is z(4)?
-82
Let l(i) = -2*i**3 - 5*i**2 + 24*i. Give l(-5).
5
Let r(q) = q**2 - 10*q + 5. Give r(4).
-19
Let p(y) = y**2 - 9*y + 2. Give p(7).
-12
Let u(n) = 12*n + 10. What is u(5)?
70
Let t(d) = d**3 + 11*d**2 + 7*d + 20. What is t(-8)?
156
Let y(p) = 24*p**3 - 12*p**2 + 9*p + 2. Determine y(1).
23
Let c(v) = -2*v**2 - 58*v - 161. Determine c(-3).
-5
Let z(h) = -13*h - 78. What is z(-9)?
39
Let n(b) = -b**3 + 11*b**2 - 20*b + 12. What is n(9)?
-6
Let v(u) = u**3 - 2*u**2 + 6*u - 6. Calculate v(2).
6
Let b(a) = a**3 - a**2 - 4*a - 6. Give b(-3).
-30
Let b(s) = -s**3 + 4*s**2 - 5*s + 11. Determine b(5).
-39
Let a(f) = f**2 - f - 38. What is a(0)?
-38
Let c(r) = r**3 + r**2 - 4*r + 5. Calculate c(2).
9
Let p(l) = 2*l**2 + 5*l + 3. Determine p(-4).
15
Let m(f) = f**2 - 8*f + 9. Determine m(9).
18
Let d(h) = h - 19. What is d(14)?
-5
Let q(g) = -13*g + 14. Calculate q(-5).
79
Let h(t) = -t**2 - 24*t + 10. Calculate h(-24).
10
Let d(k) = k**3 - 24*k**2 - 9. Calculate d(24).
-9
Let f(g) = 3*g**3 + 4*g**2 + 2*g - 2. Determine f(-2).
-14
Let h(t) = 8*t + 13. Calculate h(-4).
-19
Let m(r) = -r**3 + 4*r**2 - 2*r + 9. Calculate m(4).
1
Let j(f) = f**3 + 8*f**2 + 4*f - 17. What is j(-7)?
4
Let a(c) = c**3 - 3*c**2 + 4*c - 7. Give a(3).
5
Let t(x) = -11*x - 121. Calculate t(-8).
-33
Let q(s) = s**2 - 8*s + 22. What is q(5)?
7
Let g(v) = 5*v**2 + 9*v - 9. What is g(-4)?
35
Let w(m) = 67*m**2 - m. What is w(1)?
66
Let u(x) = -x + 1. Determine u(-1).
2
Let g(n) = -n**2 - 9*n + 63. Determine g(-14).
-7
Let q(y) = 2*y**2 - 30*y - 4. What is q(15)?
-4
Let u(p) = 2*p**3 - 4*p**2 + 5*p - 5. Give u(2).
5
Let r(u) = -u**3 + 11. Give r(0).
11
Let c(l) = l**3 - 3*l**2 - 4*l + 5. Calculate c(2).
-7
Let m(n) = -28*n - 111. What is m(-6)?
57
Let v(p) = 2*p**2 - 1. What is v(-1)?
1
Let z(g) = g**3 - 7*g**2 + 5*g + 7. What is z(5)?
-18
Let s(v) = 2*v - 11. What is s(4)?
-3
Let s(t) = -3*t - 39. Determine s(-16).
9
Let h(z) = z**2 - 17*z + 4. Determine h(17).
4
Let g(s) = -4*s + 24. What is g(-6)?
48
Let l(h) = -2*h**2 - 45*h - 50. What is l(-22)?
-28
Let b(i) = i**3 - i + 9. Determine b(0).
9
Let o(a) = -4*a**3 + 2*a**2 + a - 2. Give o(1).
-3
Let l(v) = v**3 + 5*v**2 + 4*v + 7. Calculate l(-5).
-13
Let t(n) = -9*n + 76. What is t(14)?
-50
Let c(x) = -51*x**3 + x + 1. What is c(-1)?
51
Let m(y) = y**2 - 2*y - 6. Calculate m(3).
-3
Let p(b) = -b**3 - 11*b**2 - 2*b + 6. Determine p(-11).
28
Let s(u) = -u**2 + 3*u + 11. Give s(4).
7
Let x(q) = -17*q. What is x(-1)?
17
Let d(k) = 4*k**2 - 2*k. Determine d(-2).
20
Let c(b) = -b**3 + 11*b**2 + 11*b + 17. Calculate c(12).
5
Let k(d) = d**3 + 7*d**2 - 3*d - 13. Calculate k(-6).
41
Let k(c) = c**3 - 5*c**2 - 8*c + 4. Determine k(6).
-8
Let s(r) = -r**2 - 2*r + 38. Calculate s(-9).
-25
Let j(b) = 5*b - 7. Give j(6).
23
Let m(r) = -r**3 + 3*r**2 + 7*r - 8. Calculate m(-2).
-2
Let k(z) = z - 12. Calculate k(16).
4
Let n(c) = c**2 + 25*c + 89. Give n(-21).
5
Let y(x) = x**2 - 17*x + 65. Calculate y(11).
-1
Let z(s) = -s**3 + 8*s**2 - 5*s + 3. What is z(7)?
17
Let d(w) = w - 13. Calculate d(6).
-7
Let c(r) = r**2 - 6*r + 1. Determine c(8).
17
Let z(w) = 6*w + 136. Give z(-22).
4
Let d(s) = -200*s + 994. Determine d(5).
-6
Let c(h) = 5*h - 83. Give c(14).
-13
Let i(d) = d**3 + 12*d**2 + 10*d - 14. Calculate i(-11).
-3
Let l(f) = -9*f - 30. Give l(-5).
15
Let l(a) = 2*a**2 - 39*a + 86. What is l(17)?
1
Let a(v) = 5*v + 1. Determine a(1).
6
Let x(c) = -c**3 + 23*c**2 + 5. Determine x(23).
5
Let a(k) = 4*k - 18. Calculate a(3).
-6
Let g(r) = 4*r + 10. Give g(-10).
-30
Let u(g) = -g**3 - 2*g**2 - 5*g - 4. Calculate u(-3).
20
Let r(l) = 2*l**3 + l**2 + 8*l + 5. What is r(-3)?
-64
Let i(x) = -x**2 - 5*x - 7. Calculate i(-4).
-3
Let g(i) = -i**2 - 7*i - 7. Calculate g(-8).
-15
Let b(f) = 18*f**3 + 2*f - 1. What is b(1)?
19
Let l(w) = -w**3 + 6*w**2 - 5*w + 14. Give l(6).
-16
Let o(d) = 63*d - 318. Calculate o(5).
-3
Let c(s) = -s**3 + 15*s**2 + 37*s - 39. What is c(17)?
12
Let c(q) = q**2 + 11*q + 27. Determine c(-7).
-1
Let x(m) = 2*m**2 - 15*m - 1. Determine x(-2).
37
Let c(f) = -f**2 - 10*f - 20. Calculate c(-5).
5
Let h(f) = -f**3 + 7*f**2 - 13*f + 8. Give h(6).
-34
Let y(j) = -j**3 + 14*j**2 - j + 16. What is y(14)?
2
Let x(z) = -z**2 + 15*z - 12. What is x(14)?
2
Let w(p) = 6*p**2 + 32*p + 30. Give w(-1).
4
Let v(m) = m**3 + 12*m**2 + 9*m - 18. Give v(-11).
4
Let m(w) = -10*w + 12. Determine m(3).
-18
Let s(w) = -w**2 + 23*w - 116. Give s(15).
4
Let o(f) = f**3 - 7*f**2 - 7*f - 2. Determine o(8).
6
Let y(k) = -k - 14. What is y(-11)?
-3
Let m(u) = -u**3 + u**2 + 8*u + 10. Give m(-5).
120
Let x(u) = -33*u + 2. Give x(0).
2
Let n(p) = -15*p + 701. What is n(47)?
-4
Let p(v) = v**2 + 11*v + 9. Determine p(-10).
-1
Let c(s) = 11*s + 15. Determine c(1).
26
Let b(g) = 2*g + 38. Give b(0).
38
Let k(l) = l**2 - 4*l - 4. Give k(6).
8
Let h(q) = q**2 - 4*q - 6. Determine h(13).
111
Let f(c) = -c**3 + 8*c**2 - 7*c - 8. What is f(7)?
-8
Let b(w) = -w**2 + 10*w - 3. Give b(10).
-3
Let p(d) = 23*d**3 - d**2 - d - 1. Calculate p(-1).
-24
Let b(i) = 14*i + 17. Give b(-3).
-25
Let h(v) = -v - 7. Determine h(-7).
0
Let a(u) = -27*u + 70. Give a(3).
-11
Let x(p) = -p**2 - 4*p - 5. What is x(-5)?
-10
Let q(j) = -j**3 + 9*j**2 + 9*j + 5. Calculate q(10).
-5
Let g(a) = 4*a + 5. Determine g(-3).
-7
Let b(s) = s - 36. Calculate b(16).
-20
Let n(o) = o**2 - 13*o - 4. Determine n(12).
-16
Let s(y) = y - 1. Determine s(7).
6
Let h(g) = -4*g**2 - g - 7. Give h(-3).
-40
Let a(x) = -2*x**3 + 51*x**2 + 28*x - 66. Give a(26).
-14
Let n(u) = -u**3 - 11*u**2 - 13*u - 25. Determine n(-10).
5
Let u(i) = i - 13. Calculate u(8).
-5
Let z(o) = -o**3 - 4*o**2 + 7*o + 7. Calculate z(-6).
37
Let m(f) = 21*f**2 + 2. What is m(2)?
86
Let o(k) = k**2 + 14*k - 113. Determine o(-20).
7
Let f(z) = z**2 + 8*z - 14. Determine f(-7).
-21
Let w(m) = m**3 - m**2 + 5*m - 7. Calculate w(3).
26
Let d(w) = -16*w - 11. What is d(-1)?
5
Let i(c) = -16*c - 10. Calculate i(0).
-10
Let n(d) = -d**2 + 11. Give n(0).
11
Let s(x) = 6*x**2 - 5*x - 1. What is s(6)?
185
Let s(g) = -8*g + 2. What is s(2)?
-14
Let a(s) = 2*s - 7. What is a(0)?
-7
Let i(v) = -3*v**2 - 8*v + 21. Calculate i(2).
-7
Let o(z) = 2*z**3 + 21*z**2 + 12*z + 17. Give o(-10).
-3
Let w(p) = -p**2 - 17*p - 35. Determine w(-15).
-5
Let l(b) = b**3 - 12*b**2 + 12*b - 12. Calculate l(11).
-1
Let a(i) = 19*i + 31. Give a(-1).
12
Let p(m) = m**3 - 13*m**2 - 29*m - 16. Give p(15).
-1
Let p(j) = -7*j + 29. What is p(4)?
1
Let t(c) = c**2 - c - 10. What is t(3)?
-4
Let l(v) = v**3 - 4*v**2 - 2*v - 7. Determine l(5).
8
Let c(n) = -18*n**2 + 4*n - 2. What is c(2)?
-66
Let f(b) = 2*b + 37. What is f(-3)?
31
Let l(x) = 4*x**2 + 15*x - 9. Give l(-4).
-5
Let v(j) = j**3 + 17*j**2 + 13*j + 4. Give v(-16).
52
Let x(s) = -s**2 + 16*s - 15. Determine x(1).
0
Let u(b) = -b**2 - 7*b + 233. Give u(-19).
5
Let y(q) = -8*q + 7. Give y(6).
-41
Let n(a) = 2*a**2 + 20*a - 22. Calculate